*x. Let g = x - 6. What is the greatest common divisor of g and 3?
1
Let o = -9 - -11. Suppose -10 = -o*m + 26. What is the highest common divisor of m and 9?
9
Let l = 236 - 180. Calculate the highest common factor of 28 and l.
28
Let d = 182 - 127. Calculate the highest common divisor of d and 11.
11
Let z be 16 - 4*(-2)/(-8). Calculate the greatest common factor of 165 and z.
15
Let d(x) = -4*x + 3. Suppose 3*q + 3 = -5*b, 2*b = 6*b - 5*q + 32. Let c be d(b). What is the greatest common factor of c and 45?
15
Let f(x) = -x**3 - x + 4. Let n be f(-4). Calculate the greatest common factor of 9 and n.
9
Suppose -2*w = -3*v + 1, 0 = -w + 2*v - 3. Suppose i + 154 = 3*i. Suppose 0 = -0*j - j + i. What is the greatest common divisor of j and w?
7
Suppose 0*a - 2*a = -d + 8, 2*a = 4*d - 26. Suppose p - d = 3*p. Let g be (-1 - 0) + (-87)/p. What is the greatest common factor of g and 42?
14
Suppose 0*f + 54 = 6*f. Let j = 26 + 1. What is the greatest common divisor of j and f?
9
Suppose 4*y = 43 + 65. What is the highest common factor of 9 and y?
9
Let a be 3/(-1) + (8 - -105). What is the greatest common divisor of a and 10?
10
Let q(w) = -2*w**2 + 38*w + 2. Let v be q(19). What is the highest common factor of 16 and v?
2
Let z(q) = q**3 + q**2 + q + 165. Let p be z(0). Let t be (-7)/7 + 2*1. Let u(x) = 15*x**2. Let w be u(t). What is the highest common divisor of w and p?
15
Let h be (2/(-4))/((-7)/392). Suppose -5*f + 56 = 2*s, -7*f = s - 2*f - h. What is the highest common divisor of s and 42?
14
Suppose 2*m + u - 32 = 0, 5*u + 38 = -0*m + m. Suppose y = -4*y + 30. Calculate the highest common divisor of m and y.
6
Suppose 0*g - 5*c - 4 = -g, g - 2*c - 7 = 0. Let b = -31 - -76. What is the greatest common factor of g and b?
9
Let y(g) be the first derivative of 9*g**2/2 - 9*g - 2. Let j be y(6). What is the highest common divisor of 5 and j?
5
Let l(u) be the second derivative of -u**5/20 - u**4/6 + u**3/2 - 3*u**2/2 - 4*u. Let v be l(-4). What is the highest common factor of v and 119?
17
Suppose 112 = 3*u + u. Let o = u - -4. Suppose 4*x - 16 = o. What is the greatest common divisor of 3 and x?
3
Let r(t) = 2*t**2 + t - 13. Let o be r(-9). Let v(d) = -3 + 0*d**3 - d**3 - 1 - 10*d + 13*d**2. Let k be v(12). What is the highest common factor of k and o?
20
Let c(y) = 16*y**2 - y. Let m be c(1). Let o = 35 - m. Calculate the greatest common divisor of 2 and o.
2
Let z = 43 + -9. Let a be (-1)/4 + (-2050)/(-40). What is the greatest common divisor of z and a?
17
Suppose -2*z + 18 = -2. Calculate the greatest common divisor of 30 and z.
10
Suppose 3*x - 6 + 15 = 0. Let b be -1 - (-4 - x) - -17. What is the highest common factor of b and 153?
17
Let r be (-1)/(3/(-15)*-1). Suppose -u = -5*u - 56. Let g = r - u. Calculate the highest common factor of g and 9.
9
Let g = 185 + -167. Suppose 3*t = -2*t + 90. Suppose t = 3*c - c. What is the highest common divisor of g and c?
9
Let y(t) = 11*t. Let l be y(1). Suppose 0 = -3*a + 4*c + 280, -a + 4*a = 2*c + 272. Calculate the highest common divisor of a and l.
11
Let t = 0 - 2. Let l(d) = -2*d**3 - 2*d**2 + 2*d + 2. Let v be l(t). Suppose 0 = v*p - p - 70. What is the greatest common divisor of p and 70?
14
Suppose -4 = -4*v, 3 = k - 2*v + 9. Let z = 5 - k. What is the greatest common divisor of 63 and z?
9
Let k = 11 + 4. Calculate the highest common divisor of k and 5.
5
Let x = 13 - 7. Suppose -p = -2*c - 0*p + 85, -5*p = -15. Let i be (c/6)/(4/x). Calculate the highest common factor of 99 and i.
11
Let k(g) = 2*g**2 - 7*g - 1. Let z be k(5). Calculate the greatest common factor of z and 35.
7
Let k be (1/(-2))/((-2)/160). Let p be (-9)/2*8/3. Let n = p + 20. What is the greatest common factor of n and k?
8
Let k(m) = m**2 - 3*m + 8. Let l be k(8). Calculate the greatest common divisor of 12 and l.
12
Let x(t) = -t**3 + 6*t**2 - 2*t + 5. Let n be x(5). Let q be n/(-8)*(-2)/1. Suppose q*s + 256 = 706. What is the greatest common factor of s and 9?
9
Let m be 4*6/9 + (-3)/(-9). What is the greatest common divisor of 15 and m?
3
Suppose -3*u - 1 = -g, 2*u = 6*u - 4*g + 12. Suppose -3*y + 4 = -2*y, 4*k - 72 = -y. Let a = u + k. Calculate the greatest common factor of 18 and a.
18
Let o(d) = -14*d - 18. Let b be o(-7). Calculate the greatest common divisor of 60 and b.
20
Suppose -5*g + 206 = -154. Calculate the greatest common factor of 8 and g.
8
Let i be ((-5)/(-3))/((-2)/(-18)). What is the greatest common divisor of 75 and i?
15
Let u(y) = -22*y**3 - y**2 - y - 1. Let i be u(-1). What is the highest common factor of i and 14?
7
Suppose -13*n = -15*n + 84. Calculate the highest common factor of 28 and n.
14
Let u(j) = 0*j**2 - 4 + 2*j**2 - 3*j + 2*j**3 - 4*j**2. Let z be u(3). What is the highest common divisor of z and 207?
23
Suppose 3*w = 3*j + 21, 0 = -7*j + 2*j - 10. Suppose u + 100 = 5*n, -n + 0*n + 3*u = -20. What is the greatest common divisor of w and n?
5
Let i(y) = y**3 - 3*y**2 + 2*y + 4. Let x be i(3). Calculate the greatest common divisor of x and 80.
10
Let p = 17 + -4. Suppose -4*g = 4*z - 0*g - 8, 8 = -4*g. Suppose 0*y + 104 = z*y. Calculate the greatest common factor of y and p.
13
Suppose 2*b + 131 = 2*z + 19, -2*z - b + 100 = 0. Suppose 4*f - 3*m - 61 = 0, 4*f + 4*m = -f + 53. Calculate the greatest common factor of z and f.
13
Let k = -63 - -107. Calculate the highest common divisor of 110 and k.
22
Let f = 59 - -128. Calculate the highest common divisor of f and 17.
17
Suppose 4*p + 36 = 5*z - 0*p, -4*p - 4 = -z. Let o = -18 - -45. Let f = -11 + o. What is the highest common factor of z and f?
8
Suppose 5*b = 4*k - 52, -64 = -4*k - 2*b - 12. Let q = 23 - k. Calculate the greatest common divisor of 20 and q.
10
Let m(y) = -y**3 + 7*y**2 - 6*y + 2. Let f be m(6). Let c = 31 + -21. Calculate the greatest common factor of f and c.
2
Let c = -1 - 2. Let v = c + 9. Calculate the greatest common divisor of 30 and v.
6
Suppose -2*n + 2*o + 18 = 0, n - 3*o - 7 - 6 = 0. Calculate the greatest common divisor of n and 14.
7
Let x be (54/3)/(2/7). Let t be -12*1*33/(-22). Let v be (2/(-4))/((-1)/t). Calculate the greatest common factor of x and v.
9
Let j be ((-3)/(-6))/((-2)/(-8)). Suppose j*f = -i + 195, -4*i = 4*f - 421 + 37. Let k = -12 + 21. Calculate the greatest common divisor of k and f.
9
Let m = -82 - -218. What is the greatest common factor of 8 and m?
8
Let p(u) = -u**3 + 10*u**2 + 26*u + 10. Let d be p(12). What is the highest common factor of 51 and d?
17
Let m be (-2)/((18/(-39))/3). What is the greatest common factor of 91 and m?
13
Let u = 109 + -48. Let b = u - 32. Suppose f - 4*r - b = 7, 0 = 5*f - r - 142. What is the highest common divisor of f and 14?
14
Let l be (-4)/22 - 266/(-11). Suppose l = -2*k + 4*k. What is the greatest common divisor of k and 6?
6
Let n(z) = 4*z - 1. Let y be n(1). Let c be y/(-9) - (-194)/6. Suppose -5*m + 10*m - 39 = -3*h, 2*h - 3*m = 7. Calculate the greatest common factor of h and c.
8
Let l = -10 - -12. What is the highest common factor of 10 and l?
2
Let f be (-13)/1*9/9. Let l(h) = -2*h - 16. Let o be l(f). Calculate the highest common factor of o and 20.
10
Let a = 11 - 3. What is the greatest common divisor of a and 64?
8
Suppose 5*o - 11 - 9 = 0. Suppose -5*f + 0*f + 15 = 0, -3*f - 51 = -o*r. What is the greatest common factor of r and 3?
3
Let f be ((-2)/(-4))/(2/48). Let j(b) = -14*b. Let m(t) = t. Let a(r) = 4*j(r) + 44*m(r). Let h be a(-1). Calculate the greatest common divisor of h and f.
12
Let j = 3 - -16. What is the highest common divisor of 190 and j?
19
Let g(x) = 2 + x**2 - 2*x - 2*x + 3*x + 2*x. Let p be g(0). Suppose 2*t - 8 = -5*o, -4*t - p*o + 20 = -2*t. Calculate the greatest common factor of t and 98.
14
Let q(a) = a**3 + 9*a**2 - 14*a - 7. Let v be q(-6). What is the greatest common divisor of 37 and v?
37
Suppose -5*p = 4*b - 1740 + 160, 0 = -5*p + b + 1555. What is the highest common factor of p and 24?
24
Suppose 27 = -15*f + 18*f. Suppose 4*m + 54 = 6*m. Calculate the greatest common divisor of f and m.
9
Let o(b) = -b + 7. Let c be o(0). Let i = c + -9. Let r(z) = -3*z**3 - 2*z**2 - 4*z - 2. Let w be r(i). Calculate the highest common divisor of w and 242.
22
Let q(i) = -2*i. Let z be q(-1). Suppose 5*k - 3 = 